a = b. Let s be r(h). Determine n(s).
-4
Let n(i) be the second derivative of -i**4/12 - i + 3. Let d(r) = -4*r - 1. Suppose 5*s + 3 = h - 1, 3*s = -3. Let o be d(h). Calculate n(o).
-9
Let k(j) = 4*j + 4*j - 9*j. Give k(-6).
6
Let a(j) = 2*j - 6. Suppose -3*p - 16 + 4 = 0. Let g(l) = 2*l - 6. Let c(r) = p*g(r) + 5*a(r). Suppose 2*w + 15 = 5*w. Give c(w).
4
Suppose 5*h - 2*y - 11 = 9, -h - y + 11 = 0. Let u(q) = -2*q + 7. What is u(h)?
-5
Let v(o) = -10*o**3 - o - 1. Let c(j) = 3*j**3. Let u(x) = 7*c(x) + 2*v(x). Let i(h) = -2*h - 10. Let a be i(-7). Let k = 2 - a. Calculate u(k).
-6
Let y(c) = -9*c. Let w(t) = 45*t. Let m(b) = 4*w(b) + 21*y(b). Suppose 1 + 3 = 4*o. Determine m(o).
-9
Let g(w) = w - 6. Let u be g(7). Let p be 1 - 2*u/(-2). Let l(d) = d**3 - 5*d + 4*d**p - d + 0*d**3 - 2. Determine l(-5).
3
Let d(j) = 3*j + 1 + 0*j - 2*j. Give d(-6).
-5
Let g(d) = -10*d - 9. Let r(w) = 6*w + 6. Let k(l) = -5*g(l) - 8*r(l). Calculate k(10).
17
Let u(v) = v**2 + 5*v. Let w be u(-6). Suppose y - 5*n + 5 + 9 = 0, 5*n = -4*y - w. Let s(p) = p**3 + 5*p**2 + 3*p - 5. What is s(y)?
-1
Let c(t) = t**2 + 4*t. Let h be c(-7). Suppose 0*y + 2*y = 3*j + h, 0 = -y + j + 8. Let x(i) = -i**2 + 4*i - 1. What is x(y)?
2
Let o be 1*4/(-2)*2. Let d be 2/(-8) - (-7)/o. Let z be 2/((d/3)/(-1)). Let m(w) = w + 2. What is m(z)?
5
Let y(o) = o**3 - 4*o**2 - 8*o + 4. Suppose 7*z - 10*z + 15 = 0. What is y(z)?
-11
Let s be ((-8)/(-12))/((-2)/3). Let p = 6 + s. Let x(b) = b**3 - 6*b**2 + 8*b - 5. Determine x(p).
10
Let n(y) = -4*y**2 + 23 - 20 - y - y**3 + 3*y. Determine n(-5).
18
Let o(d) be the second derivative of d**4/12 - d**3/2 - 3*d**2/2 - 12*d. Give o(3).
-3
Let u(z) = 5*z**2 + 5*z - 1. Let f(b) = b**2 + b. Let x(g) = 6*f(g) - u(g). Let d be (28/21)/((-4)/(-6)). Calculate x(d).
7
Let p = -10 - -39. Suppose 0*u - c + 25 = -5*u, c = -4*u - p. Let k(b) = b - 3. What is k(u)?
-9
Let c = -20 - -23. Let x(o) = 2*o**2 - 3*o + 1. What is x(c)?
10
Let c(k) = -7*k**2 - 2*k + 9. Let i(f) = f**2 - f - 1. Let w(a) = 12*a**2 - 4*a - 14. Let m(n) = -6*i(n) + w(n). Let r(l) = -5*c(l) - 6*m(l). Give r(2).
-5
Let h be 2/(-6) + 5/(-3). Let s be (15/6 + h)*4. Let p(i) = -5*i - s + 0 + 6*i. Calculate p(-3).
-5
Suppose -2*p - 4*j + 7*j = 1, -5*p + 5*j = -5. Suppose o = -p*z - 4, 5*z + 2*o = -0*o - 8. Let s = -2 - z. Let i(k) = -2*k**2 - 2*k. Determine i(s).
-4
Let b = 72 - 77. Let c(v) be the second derivative of 2*v**3/3 + 5*v**2/2 + v. Calculate c(b).
-15
Let k be (2 - 10/8)*4. Let n(u) = u**3 - 2*u**2 - u - 1. Calculate n(k).
5
Let n(o) = -2957*o**3 + o**2 - o + 2958*o**3 + 2*o + 1. Let q(c) = -5*c - 1. Let b be q(-1). Suppose 2 = -5*u + b*u. Give n(u).
-5
Let h(i) be the first derivative of 1/3*i**3 - 2*i**2 - i + 5. Give h(4).
-1
Let g(v) = v**2 + v + 1. Let p(b) = 2. Suppose -j + h = 2*j - 11, -27 = -j + 5*h. Let m be 2*3/(-6) + j. Let a(d) = m*g(d) - p(d). What is a(-3)?
5
Let g(z) be the third derivative of -z**5/60 + z**4/8 - z**3/3 + 20*z**2. Calculate g(4).
-6
Let m(g) = 16*g + 1. Suppose 0 = 5*d - 12 - 3. Suppose -4*l + 7*l = -d. Give m(l).
-15
Suppose -h - 3*a = -a + 6, 5*a + 20 = 0. Suppose -j + 8*b - 3*b = 1, 0 = h*b. Let v(o) = -3*o**3 - 1. Determine v(j).
2
Let z be (1 - 1) + 2/1. Let p(d) be the third derivative of 1/60*d**5 + 1/2*d**3 - 1/120*d**6 + 2*d**z + 1/6*d**4 + 0 + 0*d. Calculate p(-2).
7
Suppose z = -1 - 1. Let t(w) = 5*w**3 + 7*w**2 + 6*w. Let y(p) = 4*p**3 + 6*p**2 + 5*p. Let x(q) = 3*t(q) - 4*y(q). Give x(z).
0
Let b be (-60)/35*7/(-2). Suppose 3*k + 12 = -b. Let u(s) = -2*s - 3. What is u(k)?
9
Suppose 30 = 9*w - 6. Let v(q) = -q + 4. Give v(w).
0
Let x = 36 + -33. Let z(o) = o**3 - 3*o**2 - 3*o - 1. Give z(x).
-10
Let r(z) = z**3 - 8*z**2 + 11*z - 17. Let n be r(7). Let s(q) = -q + 10. Determine s(n).
-1
Suppose -3*n = -n - 2. Let m(l) = 6*l**3 + 3*l**2 + 2*l. Let i(d) = -d + 3*d**3 + 2*d**2 - 4*d + 6*d. Let x(o) = -7*i(o) + 4*m(o). What is x(n)?
2
Let v(y) = -y**3 - 19*y**2 + 6*y - 9. Let r(h) = h**3 + 18*h**2 - 7*h + 8. Let g(k) = 7*r(k) + 6*v(k). Give g(-13).
2
Let c(p) = -2*p - 2. Let t = -14 + 16. Give c(t).
-6
Let a(f) = 2*f**3 - 7*f**2 - 6*f - 2. Let o(i) = -3*i**3 + 7*i**2 + 7*i + 2. Let s(n) = 4*a(n) + 3*o(n). Give s(-7).
19
Let u(p) = -2*p - 5. Let k be 6/(-3) + 2 + -4. Calculate u(k).
3
Let z(d) = d**3 - 4*d**2 - 7*d + 5. Let u(v) = 9*v - 3. Let k be u(5). Suppose -j = -l - 4*j - 7, 4*l - 2*j + k = 0. Let i = -5 - l. Calculate z(i).
-5
Let l(h) = h**2 - 2*h - 3. Let g(y) = -y - 1. Let t be g(-4). Suppose 0*d - 2*x + t = 3*d, x - 2 = -2*d. Let n be (d*-1)/(5/(-15)). Calculate l(n).
0
Let z = 44 - 41. Let f(p) = 5*p - 3. Give f(z).
12
Let l(s) = -s - 1. Let g(i) = -9*i - 14. Let m(j) = -g(j) + 6*l(j). Let d(v) = 9*v + 23. Let b(y) = -4*d(y) + 11*m(y). Give b(3).
-13
Let l(h) = -h**2 + h + 1. Suppose -i - 2*i = 0. Suppose -4*b + i*b + 20 = 0. Let a be 0 + b - (2 + 0). Calculate l(a).
-5
Let f(c) = 3 + c + 11*c**2 + 28*c**2 - c**3 - 42*c**2. Suppose 0*u + 2*u + 6 = 0. Give f(u).
0
Let g(i) = -i**3 - i**2 + 4*i + 6. Let v(z) = 1. Let t(x) = -x**2 - 11*x + 9. Let a be t(-12). Let p(f) = a*v(f) + g(f). Give p(-3).
9
Let m(l) = -23*l - 17*l - 8*l + 57*l + 1. Determine m(-1).
-8
Let t be (1*-9)/(-3) - 3. Suppose t*h - 9 = 3*h. Let n be h/(-3) - 1 - 5. Let v(j) = j**3 + 4*j**2 - 6*j - 6. Give v(n).
-1
Let q(p) = -2*p**2 - p. Let l(y) = -y**3 + 16*y**2 + 2*y - 17. Let a be l(16). Suppose 0*c - a = 5*c. Calculate q(c).
-15
Suppose p - 4 = -2*p - 4*y, 4*y = p - 12. Suppose -9*o - 20 = -p*o. Let w(j) = j - 2. Let u(k) = -2*k + 4. Let n(r) = -2*u(r) - 5*w(r). Give n(o).
6
Let z = 1 + -1. Suppose 2*o - 2 = 5*y - 4, z = 2*o + 2*y - 12. Suppose -x + 15 = o*x. Let h(q) = -2*q + 3. What is h(x)?
-3
Let b(y) be the third derivative of -y**6/120 - 2*y**5/15 + y**4/8 + 11*y**3/6 - 5*y**2 + 4. What is b(-8)?
-13
Let p(j) = 5*j**2 + 2*j - 1. Let g(z) = z - 1. Let r(w) = -g(w) + p(w). Determine r(1).
6
Suppose 2*y = 9 - 21. Let j(w) = -w**2 - 4*w + 4. Give j(y).
-8
Let l(o) = 5*o**3 - o**2 + 1. Let a be ((3 - 1) + -3)/(-1). Give l(a).
5
Let z(s) = s**3 - 6*s**2 + 2*s + 1. Let a = -5 + 10. What is z(a)?
-14
Let b(t) = t - 7. Let m = 5 + -3. Let g be (4 - 1)*(-10)/30. Let k be (1 - (2 - m)) + g. Determine b(k).
-7
Let f(b) = 1. Let a(c) = -4*c + 7. Let x(d) = a(d) - 5*f(d). Let o(y) = -y + 1. Let w be o(-1). Calculate x(w).
-6
Let b(o) be the second derivative of -o**3/6 - 5*o**2/2 + 13*o. What is b(-8)?
3
Let c(r) = -3*r + 1. Let n be c(2). Let g(s) = s + 2 + 5 + s. Let u be g(n). Let h(v) = -v**2 - 2*v + 3. Calculate h(u).
0
Let w be 10/(-15) - (-1)/(-3). Let r be (-1)/(0 + w) + 0. Let k(z) = 6*z - 1. Give k(r).
5
Let w = -38 + 58. Suppose -14 = 4*a - 0*a + 2*p, 4*a + 4*p = -w. Let u(g) = 2*g**2 + g + 1. What is u(a)?
7
Suppose 3*y + 3*c - c = 19, 3*c = y + 1. Let f = 12 + -10. Let a(r) = -r - 1 + r**3 + y*r**2 + 0*r**f - 3*r - 2*r**3. Calculate a(3).
5
Let g be (-2)/7 + (-972)/(-21). Let s(c) = g - 47 + c - 2*c. Suppose 5*q = 25, -u - 3*q + 3 = -6. Give s(u).
5
Let q(a) = -a**3 + 6*a**2 - 7*a + 3. Let g(x) = 31*x**3 - x**2. Let t be g(1). Suppose 0 = -2*u + 4*r + t, 3*u + r + 3*r = -5. Calculate q(u).
-7
Let g(y) be the first derivative of y**3/2 + 3*y**2/2 - y + 7. Let q(d) be the first derivative of g(d). Give q(-2).
-3
Let n = -2 - 22. Let v be -3 - (-11)/((-44)/n). Let q(p) = p**3 - 2*p**2 - 4*p + 3. What is q(v)?
0
Suppose -p - 2 = 1. Let t(g) be the first derivative of g**5/120 + g**3/3 + 4. Let w(f) be the third derivative of t(f). Calculate w(p).
-3
Let d(c) = -6*c**3 - c**2 + c + 1. Let h be (0 + 2/2)/(-1). Determine d(h).
5
Let y(d) = d**3 + 4*d**2 + 3*d + 6. Let x(w) = 4*w - 2*w - 4*w. Let u be x(3). Let q be 24/(-9)*u/(-4). Calculate y(q).
-6
Suppose 0 = -2*q + 3 + 1. Let v(d) = -2*d**2 - 2*d**q - d**3 - d**2 + 6*d - 1. What is v(-6)?
-1
Let j(f) be the second derivative of -f**4/12 - 11*f**3/6 - 11*f**2/2 + 6*f. Let h be j(-10). Let z(a) = -3*a**2 - a. Give z(h).
-2
Let l(y) be the first derivative of -3*y**2/2 - 2*y - 1. Determine l(-4).
10
Let w be 405/(-60) - 3/(-4). Let d(j) = j**2 + 7*j + 9. Determine d(w).
3
Let t(n) = 3*n + 11. Let d(b) = 2*b + 6. Suppose -2*s - 2*s = g - 16, -3*g + 21 = 3*s. Let h(p) = s*t(p) - 5*d(p). Give h(2).
1
Let m(b) 